 (-18)/(-4)*(-14)/21 + 1961. Suppose 9777 = 5*r - 2*a, -2*r + 3*r - l = 3*a. Suppose -3*v - r = -5*h - v, 2*v = 2*h - 782. Is h a prime number?
False
Let a(t) = 8534*t - 21. Let g = -173 - -174. Is a(g) a prime number?
True
Let w = -39 - -27. Let i(a) = -a**2 - 10*a + 17. Let t be i(w). Is 2/(-4)*(-965 - t) prime?
True
Suppose -18*t + 14*t = 0. Suppose -5*j + 4*j + 5 = t. Suppose 3*s + 2*q = -0*q + 1175, 4*s + j*q = 1555. Is s a composite number?
True
Let c = 1624947 + -1115924. Is c prime?
True
Let b = -274102 + 409715. Is b composite?
False
Is (-2828376)/(-45) - 288/160 prime?
True
Let b = -21228 + 63509. Is b a composite number?
False
Let q(g) be the first derivative of -g**4/12 + 647*g**3/6 - 23*g**2/2 - 23. Let l(i) be the second derivative of q(i). Is l(0) composite?
False
Suppose -5*s + 5*h = -2*s - 306503, 0 = -2*s + h + 204326. Is s a prime number?
True
Let z be (11 - -3)/((14/24)/(-7)). Suppose 0 = -6*q + q - 355. Let l = q - z. Is l a composite number?
False
Suppose 8733171 = 1776*m - 1647*m. Is m prime?
True
Let d = 5392 + -2625. Is d composite?
False
Let o(a) = 51*a**2 - 9*a - 1. Suppose 2*h = -n + 1, 2*n + h + 3 = -4. Is o(n) composite?
False
Suppose -2*m - 2 = 0, -3*w - 4*m + 974105 = 228786. Is w composite?
False
Let i(d) = 1559*d**2 + 9*d - 7. Suppose 3*q = 3*x - 6, -5*x + 28 = -4*q + 5*q. Is i(q) a composite number?
False
Let i be (-181628)/(-8)*((-10)/(-2) - 3). Suppose -5*w = -0*w + 3*l - 56758, -3*l + i = 4*w. Is w prime?
True
Suppose -176 = -2*c - 176, -j + 4*c = -38137. Is j prime?
False
Suppose 0 = -0*g - 3*g. Suppose -97 = s + 5*h - 79, -72 = -4*s + 4*h. Suppose g*n = s*n - 1308. Is n a composite number?
False
Let v = 13500 + -5748. Is (-5)/45 - v/(-27) a prime number?
False
Is (11*(-2015645)/(-638))/(0 - (-1)/2) prime?
False
Let f(h) = -754*h**3 - 3*h**2 - 3*h - 1. Let t be f(-1). Let b = t - -286. Is b prime?
True
Let b = 88 + -69. Let t(f) = 2*f**2 + 10*f - 5. Is t(b) a prime number?
True
Let t = 5337 + -3759. Let h be (-3 + (3/9 - -3))*-687. Let c = t + h. Is c composite?
True
Suppose a + 7*a = -360. Let u = 45 + a. Suppose y + y - 1262 = u. Is y a composite number?
False
Is -857678*-7*15/210 composite?
True
Suppose 0 = 5*s - 42 - 8. Let f be ((-18)/s + 3)*5. Suppose 3*i + f = 0, 2*v - 3*i - 1017 - 251 = 0. Is v a composite number?
False
Suppose 9*z + 0*z = 36. Is (-1 - 0)/(z/(-308)) prime?
False
Suppose -4*c - 5*y = -132419, c - 20*y = -18*y + 33095. Is c a prime number?
False
Let c = -25 + 30. Suppose 24 = -b - 3*l, -b - c*l - 89 = 3*b. Is 4013/7 + 6/b a prime number?
False
Suppose 5*t = -7*y - 583015 + 1951045, -2*y + 1094406 = 4*t. Is t a prime number?
False
Let o = 1722314 - 791383. Is o a composite number?
False
Let l(n) = -271*n - 809. Let w be l(-3). Suppose 3*v = 4*b + 648, -2*v + 6*b + 432 = b. Suppose -5*d + v + 1237 = 3*i, 5*i - 1152 = -w*d. Is d composite?
False
Let u(q) be the third derivative of 17*q**6/40 - q**5/12 + 7*q**4/12 - 7*q**3/6 + 259*q**2. Is u(5) a composite number?
True
Suppose 102*n - 8617916 = 10*n. Is n composite?
True
Is (1919 - -9) + 18 + 3 a composite number?
False
Is (-30)/8*(14 + (-3174724)/42) composite?
True
Let n = 15918 + -11335. Is n a prime number?
True
Let s(i) = 442*i**2 + 38*i - 15. Let z be s(6). Suppose 32*h - 28*h = 5*l - z, -3214 = -l + 3*h. Is l a composite number?
False
Let y = 203151 - 139940. Is y a prime number?
True
Let q(f) = 639*f + 20. Let k be q(6). Suppose -616 = -5*t + k. Suppose -2*w + 4*w + 2*i = 1848, 0 = w - 5*i - t. Is w a prime number?
True
Let r = 623678 + -89395. Is r prime?
True
Let m(l) = 401*l**3 + 4*l**2 - 59*l + 13. Is m(10) prime?
True
Let d(w) = 281*w - 10781. Is d(60) composite?
False
Let p = -34 + 35. Let f be p*4/(-14) - (-71352)/28. Suppose -174 - f = -2*c. Is c composite?
False
Let o(v) = -3852*v**2 - 2*v - 3. Let m be o(2). Let a = 28744 + m. Suppose 0 = -17*u + 8*u + a. Is u prime?
True
Let b = -60759 + 95720. Is b a composite number?
False
Let r be (5 + (-35528)/(-16))/(2/4). Suppose -5*c + r = -754. Is c composite?
True
Let h be 4/(-8)*-2 + 894. Suppose -1796 = -9*x + h. Is x prime?
False
Let i = 61 - 8. Let r(q) = -i*q + q**3 + 26*q**2 - 23 - 6*q**2 + 59*q. Is r(-14) composite?
False
Let d(t) be the first derivative of -3527*t**2/2 + 3*t + 19. Is d(-2) prime?
True
Let v = 978 + -970. Is v/(-12) - 50122/(-6) prime?
True
Let x(t) = t**3 - 3*t**2 + 5*t - 3. Let a be x(3). Let j = -92 - -95. Is 1/((a/4604)/j) composite?
False
Let s(f) = 9946*f**2 + 8*f + 16. Let j be s(-3). Suppose 13*k + 18903 = j. Is k prime?
True
Is 447927*15/12*(-28)/(-35) composite?
True
Let c = 7599 + -2987. Let i be ((-15)/(-10))/(2 + (-9222)/c). Suppose -s = -2*m + 1156 + 1148, -i = -3*m + 3*s. Is m composite?
False
Let y be ((-4)/(-6))/((-2)/6 - 0). Let l be (-152)/(-36) + y/9. Suppose -l*f + 2*f + 668 = 2*t, 4*t - 1291 = 5*f. Is t prime?
False
Suppose 3*j - 4*j = 43. Let m = j - -41. Is (6/(-9))/m + (-798)/(-9) prime?
True
Let j(f) = 80*f - 15. Let k(b) = -b + 1. Let z(m) = j(m) + 3*k(m). Let y be z(13). Let x = y - 580. Is x a composite number?
False
Let a(x) = x**3 + 13*x**2 + 16*x + 18. Let i be a(-11). Let n = i - 30. Suppose 3*t = n + 213. Is t composite?
False
Suppose 1142 = l - 2*m - 829, -5*m + 9915 = 5*l. Is l a composite number?
False
Suppose -3*y = 3*r + 2*r + 15, -2*y - 5*r = 15. Let d be (y + 1*(3 - 2))*-17. Let t(l) = l**3 + 19*l**2 + 22*l - 21. Is t(d) prime?
False
Let g be -16*((-9)/(-12))/1 + -4. Is -1*3 + (-33632)/g a composite number?
False
Let j(f) = 1680*f - 1591. Is j(53) a prime number?
False
Suppose 301*w - 299*w = 4*y + 322414, -5*w = 2*y - 805975. Is w a prime number?
False
Suppose t = -2*w - 3*w + 11441, 3*w = 4*t - 45764. Let v(b) = -b**3 - 44*b**2 + 102*b - 36. Let l be v(-42). Let k = l + t. Is k prime?
True
Suppose -5*s = 3*m - 387 - 515, -708 = -4*s + m. Let y(i) = 731*i - 2. Let h be y(1). Let d = h + s. Is d a composite number?
False
Let n(y) = 12*y + 23. Let w be n(5). Suppose -84*p + w*p = -1499. Is p composite?
False
Let u be (5/(-2) - 1)*4. Let t(l) be the first derivative of -l**4/4 - 4*l**3 + 17*l + 335. Is t(u) composite?
False
Is (-23 + 21)/(16/(-780562))*4 prime?
True
Let t(y) = 128078*y**2 - 342*y + 3. Is t(-3) prime?
False
Let o(b) = 9*b**2 - 11*b - 14. Let r(a) = 18*a**2 - 23*a - 28. Suppose 0 = 2*i - 2, 10 = -7*m + 3*m - 2*i. Let f(s) = m*r(s) + 7*o(s). Is f(7) prime?
False
Is (-27)/54 - 1416876/(-8) a composite number?
False
Suppose -z - 3*f = -6*f - 6009, -z + 4*f + 6014 = 0. Suppose 4*t - 3*j = 5*t - 3005, -2*j - z = -2*t. Is t a composite number?
False
Let j be -10*((-16)/70 - 40/70). Is 319 - 9/(36/j) composite?
False
Let o = 1452490 - 766277. Is o a composite number?
True
Let x = 343473 - 42382. Is x a composite number?
True
Suppose 169397 - 693375 = -20*b + 263242. Is b composite?
True
Is (-2)/53 - (-80268260634)/41658 composite?
False
Let s(q) = 451*q**2 + 82*q + 593. Is s(-34) a prime number?
True
Let v(z) = -289*z + 23. Suppose -35 = 8*d + 85. Let o be v(d). Is o*(15/(-10) + 2) prime?
True
Let c be (3325/7)/(2/28). Let l be (-5)/15 + c/6. Suppose -i = -l - 103. Is i a composite number?
True
Is 24*(-3)/(-12)*(-119353)/(-6) composite?
True
Suppose 0 = -18182*x + 18176*x + 304068. Is x a prime number?
False
Let s = 10 + -9. Let z(r) = -18*r - 3 - 345*r + s. Is z(-7) a composite number?
False
Suppose 151278 = 3*r - 3*u, -3*u - 50424 = 4*r - 5*r. Suppose 3*n = -3*a + r, 4*n - 4*a - 53535 = 13717. Is n composite?
False
Let u(c) be the second derivative of -2*c**5/5 + c**4/6 - 2*c**3 - 3*c**2/2 + 32*c. Is u(-12) composite?
True
Let r = -228446 + 381015. Is r a prime number?
False
Let r be (-1 - (1 - 1))/(49/49). Let m = 6 + r. Suppose m*p - 3*w = 2413, -2*w - 3*w + 1475 = 3*p. Is p a composite number?
True
Let w(p) = 7*p**2 - 29*p + 3. Let g be w(4). Is (48 + -49)*(-1535)/(0 - g) prime?
False
Let f(q) = -q**3 + 12*q**2 - 24*q + 13. Let h be f(13). Let d = h - -1583. Is d a composite number?
True
Suppose -3*a + 7*a + 3*m - 119710 = 0, 4*a - 119712 = -2*m. Is a composite?
True
Let c(i) = -31*i - 25. Suppose 3*s = 2*q + 7, -5*q = -4*q + s - 9. Suppose -2*w - 2*w = -q*f + 40, -5*w + 2*f - 47 = 0. Is c(w) composite?
True
Is (35/210)/((-3)/(-1 - 372725)) prime?
True
Suppose u - 7189 = -1638. Suppose 3*z = -271